{"id":607,"date":"2022-03-15T14:59:11","date_gmt":"2022-03-15T13:59:11","guid":{"rendered":"https:\/\/mieuxetreetspirituel.com\/?page_id=607"},"modified":"2022-05-12T09:12:28","modified_gmt":"2022-05-12T07:12:28","slug":"atelier-cercle-de-vie","status":"publish","type":"page","link":"https:\/\/mieuxetreetspirituel.com\/index.php\/atelier-cercle-de-vie\/","title":{"rendered":"Atelier cercle de vie"},"content":{"rendered":"\t\t<div data-elementor-type=\"wp-page\" data-elementor-id=\"607\" class=\"elementor elementor-607\">\n\t\t\t\t\t\t\t\t\t<section class=\"elementor-section elementor-top-section elementor-element elementor-element-0c27b7a elementor-section-boxed elementor-section-height-default elementor-section-height-default\" data-id=\"0c27b7a\" data-element_type=\"section\" data-settings=\"{&quot;jet_parallax_layout_list&quot;:[{&quot;jet_parallax_layout_image&quot;:{&quot;url&quot;:&quot;&quot;,&quot;id&quot;:&quot;&quot;,&quot;size&quot;:&quot;&quot;},&quot;_id&quot;:&quot;038b014&quot;,&quot;jet_parallax_layout_bg_x&quot;:&quot;50&quot;,&quot;jet_parallax_layout_bg_y&quot;:&quot;50&quot;,&quot;jet_parallax_layout_image_tablet&quot;:{&quot;url&quot;:&quot;&quot;,&quot;id&quot;:&quot;&quot;,&quot;size&quot;:&quot;&quot;},&quot;jet_parallax_layout_image_mobile&quot;:{&quot;url&quot;:&quot;&quot;,&quot;id&quot;:&quot;&quot;,&quot;size&quot;:&quot;&quot;},&quot;jet_parallax_layout_speed&quot;:{&quot;unit&quot;:&quot;%&quot;,&quot;size&quot;:50,&quot;sizes&quot;:[]},&quot;jet_parallax_layout_type&quot;:&quot;scroll&quot;,&quot;jet_parallax_layout_direction&quot;:null,&quot;jet_parallax_layout_fx_direction&quot;:null,&quot;jet_parallax_layout_z_index&quot;:&quot;&quot;,&quot;jet_parallax_layout_bg_x_tablet&quot;:&quot;&quot;,&quot;jet_parallax_layout_bg_x_mobile&quot;:&quot;&quot;,&quot;jet_parallax_layout_bg_y_tablet&quot;:&quot;&quot;,&quot;jet_parallax_layout_bg_y_mobile&quot;:&quot;&quot;,&quot;jet_parallax_layout_bg_size&quot;:&quot;auto&quot;,&quot;jet_parallax_layout_bg_size_tablet&quot;:&quot;&quot;,&quot;jet_parallax_layout_bg_size_mobile&quot;:&quot;&quot;,&quot;jet_parallax_layout_animation_prop&quot;:&quot;transform&quot;,&quot;jet_parallax_layout_on&quot;:[&quot;desktop&quot;,&quot;tablet&quot;]}],&quot;background_background&quot;:&quot;classic&quot;}\">\n\t\t\t\t\t\t\t<div class=\"elementor-background-overlay\"><\/div>\n\t\t\t\t\t\t\t<div class=\"elementor-container elementor-column-gap-no\">\n\t\t\t\t\t<div class=\"elementor-column elementor-col-50 elementor-top-column elementor-element elementor-element-1a543f4\" data-id=\"1a543f4\" data-element_type=\"column\">\n\t\t\t<div class=\"elementor-widget-wrap elementor-element-populated\">\n\t\t\t\t\t\t\t\t<div class=\"elementor-element elementor-element-a1bec36 elementor-widget elementor-widget-heading\" data-id=\"a1bec36\" data-element_type=\"widget\" data-widget_type=\"heading.default\">\n\t\t\t\t<div class=\"elementor-widget-container\">\n\t\t\t<style>\/*! elementor - v3.18.0 - 20-12-2023 *\/\n.elementor-heading-title{padding:0;margin:0;line-height:1}.elementor-widget-heading .elementor-heading-title[class*=elementor-size-]>a{color:inherit;font-size:inherit;line-height:inherit}.elementor-widget-heading .elementor-heading-title.elementor-size-small{font-size:15px}.elementor-widget-heading .elementor-heading-title.elementor-size-medium{font-size:19px}.elementor-widget-heading .elementor-heading-title.elementor-size-large{font-size:29px}.elementor-widget-heading .elementor-heading-title.elementor-size-xl{font-size:39px}.elementor-widget-heading .elementor-heading-title.elementor-size-xxl{font-size:59px}<\/style><h2 class=\"elementor-heading-title elementor-size-default\">Cercle de vie<\/h2>\t\t<\/div>\n\t\t\t\t<\/div>\n\t\t\t\t<div class=\"elementor-element elementor-element-c2bf94f elementor-widget elementor-widget-text-editor\" data-id=\"c2bf94f\" data-element_type=\"widget\" data-widget_type=\"text-editor.default\">\n\t\t\t\t<div class=\"elementor-widget-container\">\n\t\t\t<style>\/*! elementor - v3.18.0 - 20-12-2023 *\/\n.elementor-widget-text-editor.elementor-drop-cap-view-stacked .elementor-drop-cap{background-color:#69727d;color:#fff}.elementor-widget-text-editor.elementor-drop-cap-view-framed .elementor-drop-cap{color:#69727d;border:3px solid;background-color:transparent}.elementor-widget-text-editor:not(.elementor-drop-cap-view-default) .elementor-drop-cap{margin-top:8px}.elementor-widget-text-editor:not(.elementor-drop-cap-view-default) .elementor-drop-cap-letter{width:1em;height:1em}.elementor-widget-text-editor .elementor-drop-cap{float:left;text-align:center;line-height:1;font-size:50px}.elementor-widget-text-editor .elementor-drop-cap-letter{display:inline-block}<\/style>\t\t\t\t<p>Vous souhaitez de vous reconnecter \u00e0 vous-m\u00eame, \u00e0 votre \u00e9nergie f\u00e9minine mais aussi aux autres femmes\u00a0?<br \/>Je vous propose des ateliers inspir\u00e9e et canalis\u00e9e pour vous, \u00e0 la magie et \u00e0 la puissance du f\u00e9minin.<\/p><p>Le cercle de femmes est un moment hors du temps, de connexion \u00e0 son \u00e9nergie f\u00e9minine, \u00e0 son f\u00e9minin sacr\u00e9.<\/p>\t\t\t\t\t\t<\/div>\n\t\t\t\t<\/div>\n\t\t\t\t\t<\/div>\n\t\t<\/div>\n\t\t\t\t<div class=\"elementor-column elementor-col-50 elementor-top-column elementor-element elementor-element-41c9aa4\" data-id=\"41c9aa4\" data-element_type=\"column\">\n\t\t\t<div class=\"elementor-widget-wrap\">\n\t\t\t\t\t\t\t\t\t<\/div>\n\t\t<\/div>\n\t\t\t\t\t\t\t<\/div>\n\t\t<\/section>\n\t\t\t\t<section class=\"elementor-section elementor-top-section elementor-element elementor-element-15c3643 elementor-section-boxed elementor-section-height-default elementor-section-height-default\" data-id=\"15c3643\" data-element_type=\"section\" data-settings=\"{&quot;jet_parallax_layout_list&quot;:[]}\">\n\t\t\t\t\t\t<div class=\"elementor-container elementor-column-gap-default\">\n\t\t\t\t\t<div class=\"elementor-column elementor-col-100 elementor-top-column elementor-element elementor-element-8c71bdf\" data-id=\"8c71bdf\" data-element_type=\"column\">\n\t\t\t<div class=\"elementor-widget-wrap elementor-element-populated\">\n\t\t\t\t\t\t\t\t<div class=\"elementor-element elementor-element-ddb6595 elementor-widget elementor-widget-text-editor\" data-id=\"ddb6595\" data-element_type=\"widget\" data-widget_type=\"text-editor.default\">\n\t\t\t\t<div class=\"elementor-widget-container\">\n\t\t\t\t\t\t\t<p>Chaque femme peut raconter une histoire, son histoire au travers des mots mais pas seulement\u2026<\/p><p>Ce lieu sacr\u00e9, ce doux cocon va te permettre d\u2019accueillir au c\u0153ur de toi pour en sortir cr\u00e9ativit\u00e9, amour, paix, pardon et force. Que me dit mon corps, mon histoire, mes cycles, et cette unit\u00e9 avec toutes les autres femmes pr\u00e9sentes\u00a0?<\/p><p>Ces cercles sont une invitation \u00e0 \u00eatre pleinement Soi, \u00e0 s\u2019autoriser \u00e0 Etre dans sa globalit\u00e9 corps, Ame, C\u0153ur, et \u00e0 exister en toute libert\u00e9 et confiance.<\/p><p>Ils sont tous diff\u00e9rents et compos\u00e9s de cercles de paroles, m\u00e9ditations, rituels sacr\u00e9s, bain de bols cristal chantant, \u00a0relaxations\u2026<\/p><p><strong>Au programme :<\/strong><\/p><p>\u2013 rituel de purification et cercle de paroles<br \/>\u2013 M\u00e9ditation<br \/>\u2013 Respiration<br \/>\u2013th\u00e8me aborder du moment<br \/>\u2013cercle de parole <br \/>\u2013bain de bols cristals chantant<br \/>\u2013 Cl\u00f4ture<\/p><p>Un \u00a0atelier<strong>\u00a0cercle f\u00e9minin<\/strong>\u00a0c\u2019est<\/p><p>Apprenez \u00e0 booster votre estime de soi<\/p><p>Adoptez des gestes beaut\u00e9<\/p><p>Pratiquez des techniques de th\u00e9rapies br\u00e8ves guid\u00e9es<\/p><p>Les b\u00e9n\u00e9fices ressentis pendant \u00a0le<strong>\u00a0cercle et bien au-del\u00e0 <\/strong><\/p><p>Lumineusement,<\/p><p>La\u00ebtitia<\/p>\t\t\t\t\t\t<\/div>\n\t\t\t\t<\/div>\n\t\t\t\t\t<\/div>\n\t\t<\/div>\n\t\t\t\t\t\t\t<\/div>\n\t\t<\/section>\n\t\t\t\t\t\t\t<\/div>\n\t\t","protected":false},"excerpt":{"rendered":"<p>Cercle de vie Vous souhaitez de vous reconnecter \u00e0 vous-m\u00eame, \u00e0 votre \u00e9nergie f\u00e9minine mais aussi aux autres femmes\u00a0?Je vous propose des ateliers inspir\u00e9e et canalis\u00e9e pour vous, \u00e0 la magie et \u00e0 la puissance du f\u00e9minin. Le cercle de femmes est un moment hors du temps, de connexion \u00e0 son \u00e9nergie f\u00e9minine, \u00e0 son [&hellip;]<\/p>\n","protected":false},"author":1,"featured_media":0,"parent":0,"menu_order":0,"comment_status":"closed","ping_status":"closed","template":"full-width.php","meta":{"_acf_changed":false,"footnotes":""},"class_list":["post-607","page","type-page","status-publish","hentry"],"acf":[],"yoast_head":"<!-- This site is optimized with the Yoast SEO plugin v24.9 - https:\/\/yoast.com\/wordpress\/plugins\/seo\/ -->\n<title>Atelier cercle de vie - Magn\u00e9tiseur Rouen<\/title>\n<meta name=\"robots\" content=\"index, follow, max-snippet:-1, max-image-preview:large, max-video-preview:-1\" \/>\n<link rel=\"canonical\" href=\"https:\/\/mieuxetreetspirituel.com\/index.php\/atelier-cercle-de-vie\/\" \/>\n<meta property=\"og:locale\" content=\"en_US\" \/>\n<meta property=\"og:type\" content=\"article\" \/>\n<meta property=\"og:title\" content=\"Atelier cercle de vie - Magn\u00e9tiseur Rouen\" \/>\n<meta property=\"og:description\" content=\"Cercle de vie Vous souhaitez de vous reconnecter \u00e0 vous-m\u00eame, \u00e0 votre \u00e9nergie f\u00e9minine mais aussi aux autres femmes\u00a0?Je vous propose des ateliers inspir\u00e9e et canalis\u00e9e pour vous, \u00e0 la magie et \u00e0 la puissance du f\u00e9minin. Le cercle de femmes est un moment hors du temps, de connexion \u00e0 son \u00e9nergie f\u00e9minine, \u00e0 son [&hellip;]\" \/>\n<meta property=\"og:url\" content=\"https:\/\/mieuxetreetspirituel.com\/index.php\/atelier-cercle-de-vie\/\" \/>\n<meta property=\"og:site_name\" content=\"Magn\u00e9tiseur Rouen\" \/>\n<meta property=\"article:modified_time\" content=\"2022-05-12T07:12:28+00:00\" \/>\n<meta name=\"twitter:card\" content=\"summary_large_image\" \/>\n<meta name=\"twitter:label1\" content=\"Est. reading time\" \/>\n\t<meta name=\"twitter:data1\" content=\"2 minutes\" \/>\n<script type=\"application\/ld+json\" class=\"yoast-schema-graph\">{\"@context\":\"https:\/\/schema.org\",\"@graph\":[{\"@type\":\"WebPage\",\"@id\":\"https:\/\/mieuxetreetspirituel.com\/index.php\/atelier-cercle-de-vie\/\",\"url\":\"https:\/\/mieuxetreetspirituel.com\/index.php\/atelier-cercle-de-vie\/\",\"name\":\"Atelier cercle de vie - Magn\u00e9tiseur Rouen\",\"isPartOf\":{\"@id\":\"https:\/\/mieuxetreetspirituel.com\/#website\"},\"datePublished\":\"2022-03-15T13:59:11+00:00\",\"dateModified\":\"2022-05-12T07:12:28+00:00\",\"breadcrumb\":{\"@id\":\"https:\/\/mieuxetreetspirituel.com\/index.php\/atelier-cercle-de-vie\/#breadcrumb\"},\"inLanguage\":\"en-US\",\"potentialAction\":[{\"@type\":\"ReadAction\",\"target\":[\"https:\/\/mieuxetreetspirituel.com\/index.php\/atelier-cercle-de-vie\/\"]}]},{\"@type\":\"BreadcrumbList\",\"@id\":\"https:\/\/mieuxetreetspirituel.com\/index.php\/atelier-cercle-de-vie\/#breadcrumb\",\"itemListElement\":[{\"@type\":\"ListItem\",\"position\":1,\"name\":\"Accueil\",\"item\":\"https:\/\/mieuxetreetspirituel.com\/\"},{\"@type\":\"ListItem\",\"position\":2,\"name\":\"Atelier cercle de vie\"}]},{\"@type\":\"WebSite\",\"@id\":\"https:\/\/mieuxetreetspirituel.com\/#website\",\"url\":\"https:\/\/mieuxetreetspirituel.com\/\",\"name\":\"Magn\u00e9tiseur Rouen\",\"description\":\"Mieux \u00eatre et spirituel \",\"potentialAction\":[{\"@type\":\"SearchAction\",\"target\":{\"@type\":\"EntryPoint\",\"urlTemplate\":\"https:\/\/mieuxetreetspirituel.com\/?s={search_term_string}\"},\"query-input\":{\"@type\":\"PropertyValueSpecification\",\"valueRequired\":true,\"valueName\":\"search_term_string\"}}],\"inLanguage\":\"en-US\"}]}<\/script>\n<!-- \/ Yoast SEO plugin. -->","yoast_head_json":{"title":"Atelier cercle de vie - Magn\u00e9tiseur Rouen","robots":{"index":"index","follow":"follow","max-snippet":"max-snippet:-1","max-image-preview":"max-image-preview:large","max-video-preview":"max-video-preview:-1"},"canonical":"https:\/\/mieuxetreetspirituel.com\/index.php\/atelier-cercle-de-vie\/","og_locale":"en_US","og_type":"article","og_title":"Atelier cercle de vie - Magn\u00e9tiseur Rouen","og_description":"Cercle de vie Vous souhaitez de vous reconnecter \u00e0 vous-m\u00eame, \u00e0 votre \u00e9nergie f\u00e9minine mais aussi aux autres femmes\u00a0?Je vous propose des ateliers inspir\u00e9e et canalis\u00e9e pour vous, \u00e0 la magie et \u00e0 la puissance du f\u00e9minin. Le cercle de femmes est un moment hors du temps, de connexion \u00e0 son \u00e9nergie f\u00e9minine, \u00e0 son [&hellip;]","og_url":"https:\/\/mieuxetreetspirituel.com\/index.php\/atelier-cercle-de-vie\/","og_site_name":"Magn\u00e9tiseur Rouen","article_modified_time":"2022-05-12T07:12:28+00:00","twitter_card":"summary_large_image","twitter_misc":{"Est. reading time":"2 minutes"},"schema":{"@context":"https:\/\/schema.org","@graph":[{"@type":"WebPage","@id":"https:\/\/mieuxetreetspirituel.com\/index.php\/atelier-cercle-de-vie\/","url":"https:\/\/mieuxetreetspirituel.com\/index.php\/atelier-cercle-de-vie\/","name":"Atelier cercle de vie - Magn\u00e9tiseur Rouen","isPartOf":{"@id":"https:\/\/mieuxetreetspirituel.com\/#website"},"datePublished":"2022-03-15T13:59:11+00:00","dateModified":"2022-05-12T07:12:28+00:00","breadcrumb":{"@id":"https:\/\/mieuxetreetspirituel.com\/index.php\/atelier-cercle-de-vie\/#breadcrumb"},"inLanguage":"en-US","potentialAction":[{"@type":"ReadAction","target":["https:\/\/mieuxetreetspirituel.com\/index.php\/atelier-cercle-de-vie\/"]}]},{"@type":"BreadcrumbList","@id":"https:\/\/mieuxetreetspirituel.com\/index.php\/atelier-cercle-de-vie\/#breadcrumb","itemListElement":[{"@type":"ListItem","position":1,"name":"Accueil","item":"https:\/\/mieuxetreetspirituel.com\/"},{"@type":"ListItem","position":2,"name":"Atelier cercle de vie"}]},{"@type":"WebSite","@id":"https:\/\/mieuxetreetspirituel.com\/#website","url":"https:\/\/mieuxetreetspirituel.com\/","name":"Magn\u00e9tiseur Rouen","description":"Mieux \u00eatre et spirituel ","potentialAction":[{"@type":"SearchAction","target":{"@type":"EntryPoint","urlTemplate":"https:\/\/mieuxetreetspirituel.com\/?s={search_term_string}"},"query-input":{"@type":"PropertyValueSpecification","valueRequired":true,"valueName":"search_term_string"}}],"inLanguage":"en-US"}]}},"_links":{"self":[{"href":"https:\/\/mieuxetreetspirituel.com\/index.php\/wp-json\/wp\/v2\/pages\/607","targetHints":{"allow":["GET"]}}],"collection":[{"href":"https:\/\/mieuxetreetspirituel.com\/index.php\/wp-json\/wp\/v2\/pages"}],"about":[{"href":"https:\/\/mieuxetreetspirituel.com\/index.php\/wp-json\/wp\/v2\/types\/page"}],"author":[{"embeddable":true,"href":"https:\/\/mieuxetreetspirituel.com\/index.php\/wp-json\/wp\/v2\/users\/1"}],"replies":[{"embeddable":true,"href":"https:\/\/mieuxetreetspirituel.com\/index.php\/wp-json\/wp\/v2\/comments?post=607"}],"version-history":[{"count":28,"href":"https:\/\/mieuxetreetspirituel.com\/index.php\/wp-json\/wp\/v2\/pages\/607\/revisions"}],"predecessor-version":[{"id":1339,"href":"https:\/\/mieuxetreetspirituel.com\/index.php\/wp-json\/wp\/v2\/pages\/607\/revisions\/1339"}],"wp:attachment":[{"href":"https:\/\/mieuxetreetspirituel.com\/index.php\/wp-json\/wp\/v2\/media?parent=607"}],"curies":[{"name":"wp","href":"https:\/\/api.w.org\/{rel}","templated":true}]}}